) = 2*v**2 + 12*v + 2. Let l(n) = 3*n**2 + 18*n + 3. Let b(j) = -j**2 - 6*j - 1. Let o(t) = 7*b(t) + 2*l(t). Let g(r) = -3*a(r) - 5*o(r). Give g(-6).
-1
Suppose -20 = -2*y + 7*y, 3*a - y = 19. Suppose -12 = -2*r - a*h, -3*r - r = -3*h + 2. Let x(n) = -14*n**2. Calculate x(r).
-14
Suppose -2 = -2*b + 3*w, -b = -2*b - 2*w + 1. Suppose o = -b + 5, -4*s = 2*o. Let t(i) = -i**2 - 2*i + 1. Give t(s).
1
Let z(l) = -3 + l**3 + 4*l**2 - 19 + 27 + 2*l. Suppose 3*n = 5*n + 8. Determine z(n).
-3
Let w = -13 + 13. Suppose -3*x + 0*x - 15 = w. Let l(g) be the first derivative of g**2 - 3*g + 40. Calculate l(x).
-13
Let m(l) = -2 - 2*l - 8 + 3*l - 6*l**2 + 5 + l**3. Suppose s = 2*s. Let a = 6 - s. Determine m(a).
1
Let q(j) = 28 - j + 15*j - 17 - 12. Give q(-1).
-15
Let b = 18 - 25. Let n(i) = 4*i - 5. Let w be n(b). Let p = 32 + w. Let j(h) = 2*h**3 - h**2 - 2*h - 1. Calculate j(p).
-2
Let j = 22 - 20. Let c(w) = -3*w**3 + 4*w**2 - 2*w. Give c(j).
-12
Suppose 5*i + 2*u + 43 = 0, 6*i - 2*i = -u - 32. Let o(p) = p**3 + 7*p**2 + 2*p + 3. What is o(i)?
-11
Let w(d) be the third derivative of -d**5/60 - 5*d**4/24 - 7*d**3/6 - 7*d**2 - 10. Give w(-4).
-3
Let c be 6/(-14) - 138/(-322). Let w(x) = x**2 + 14. Calculate w(c).
14
Suppose 7*j + 23*j = 120. Let x(n) = -n**3 + 4*n**2 + n - 2. Give x(j).
2
Suppose n = -3*c + 10, 6*c - 9*c + 18 = -3*n. Let b(x) = -3*x + 9. What is b(c)?
-3
Let m(y) = -2*y**3 + 21*y**2 + 41*y + 51. Let q(h) = h**3 - 10*h**2 - 20*h - 25. Let s(t) = -2*m(t) - 5*q(t). What is s(10)?
3
Let o(g) = -2*g**3 - 3*g**2 - g. Let w(x) = -x**3 + 50*x**2 - 8*x + 398. Let h be w(50). Calculate o(h).
6
Let w(o) be the second derivative of -o**4/6 + o**3/2 - o**2/2 + 113*o. Let v be (1 - 3)/(3/(-3)). Give w(v).
-3
Let b(x) = 2 - x**2 + 354*x + 11 - 176*x - 184*x. What is b(-8)?
-3
Suppose 3*z = 5*r + 15, -110*r = -2*z - 115*r + 10. Let j(w) = -5*w + 6. Let t(u) = -4*u + 5. Let y(o) = 5*j(o) - 6*t(o). Give y(z).
-5
Let i(q) = -970 + 7*q - q**3 + 4*q**2 + 0*q**3 + 965. What is i(5)?
5
Let o be (-660)/(-120) + 2/(-4)*1. Let j(x) = 7*x**2 + 8*x**2 + 6*x + 6*x**2 + o - 22*x**2. Determine j(5).
10
Suppose -9*d + 6*d = -3. Let w(k) = 6*k - 5. Let n(g) = -g. Let m(q) = d*w(q) + 4*n(q). Let z be ((-2)/2)/((-1)/4). What is m(z)?
3
Let c(h) = h + 130*h**3 - 264*h**3 - 4 + 135*h**3. What is c(3)?
26
Suppose -4*m = -5*y - 26, 6 = -m - 4*y - y. Let o(r) = r**3 - 5*r**2 - r - 5. Determine o(m).
-25
Let l(y) be the third derivative of 5*y**4/12 - y**3/6 - 146*y**2. Determine l(5).
49
Let z(c) = 10*c**3 + 7*c**2 - 8*c + 3. Let q(k) = 15*k**3 + 11*k**2 - 13*k + 5. Let h(v) = 5*q(v) - 8*z(v). What is h(1)?
-6
Let p = 350 + -345. Let k(r) = 5*r - 4 + 3*r**2 + 3*r - 4*r**2. Give k(p).
11
Let b(k) = 19*k**2 + k. Let s be ((-16)/(-24))/(4/6). Determine b(s).
20
Suppose 4*r = 12, -4*o + 3*r - 28 = 5. Let j(h) = h**3 + 7*h**2 + h + 5. Calculate j(o).
35
Suppose -o + 3 = -d, 2*o - 5*o + 5*d + 15 = 0. Let w(y) = y**2 + y + 2. What is w(o)?
2
Let s(m) = -m - 3. Let z(o) = o + 3. Let a(r) = 3*s(r) + 2*z(r). Let g be a(2). Let w(p) = p**2 + p**2 - 3*p**2 - 4 - 6*p. What is w(g)?
1
Let h(y) be the first derivative of 7*y**3 - y**2/2 + 168. What is h(1)?
20
Let n be (-1 + 0)*(5 - 14). Let a(d) = 8*d - d**3 - 5*d - 5*d**2 + n + 0*d - 2. Let t be -1*(-1*5)/(-1). Determine a(t).
-8
Let h(c) = c**3 + 7*c**2 - 7*c + 11. Let r = 15 - 26. Let w = r + 3. Give h(w).
3
Let h(x) be the second derivative of x**5/10 - x**4/4 + x**3/2 - 3*x**2/2 - 4*x + 2. Calculate h(2).
7
Let k(d) = -3*d + 6. Suppose -3*i + 2 + 13 = 0. Suppose -4*g - 5*u = -68, i*u - 30 - 2 = -g. Suppose 0 = -4*q + g + 8. Give k(q).
-9
Let t(v) = v**3 - 2*v**2 - 2*v + 1. Let o be t(2). Let q(s) = 2 - 10*s - s**3 - 5*s + 33*s**2 + 16*s - 35*s**2. Calculate q(o).
8
Let s(g) be the second derivative of g**5/20 - 7*g**4/12 + 5*g**3/6 - 5*g**2 - 156*g. Let b(u) = u**2 - 4*u - 5. Let l be b(6). Calculate s(l).
25
Let p(s) = -s**2 - 6*s - 6. Suppose 5 = c, 9*x + 5*c - 7 = 6*x. Determine p(x).
-6
Suppose -2*i = -3*i + 14. Suppose 0 = s + s - i. Let w be s/(-42) - 23/6. Let q(t) = t**3 + 4*t**2 + 3*t + 6. What is q(w)?
-6
Let h(o) = 8*o**2 + o. Let y(t) = 2*t**3 + t**2 - 7*t + 1 - 3*t**3 + 4*t + 1. Let v be y(1). Give h(v).
7
Let p(s) = -3*s**2 - 11*s + 7. Let i(w) = -2*w**2 - 8*w + 5. Let t(m) = 8*i(m) - 5*p(m). What is t(-8)?
13
Let x(d) = d**2 + 2*d - 12. Let g = -54 - -57. Let b be x(g). Let m(u) = 2*u**2 - 3*u - 2. Determine m(b).
7
Let z(f) = f + 5. Let m = 45 + -37. Suppose 2*x + 20 = -3*h, -2*h + 4*h + m = 0. Determine z(x).
1
Let n(o) = 4 - 3 - 3 + 4*o - 2*o + 2*o**2. Suppose -2*f + 20 + 8 = -5*s, 0 = -2*f - 5*s - 12. Suppose -f*b + d = b + 14, 3*b = -4*d + 10. Determine n(b).
2
Let k(m) = 27*m**2 + m. Let o be 108/(-918) - (-38)/34. Calculate k(o).
28
Let d(g) = 6*g**3 + 3*g**2 + 8*g - 3. Let b(t) = 7*t**3 + 3*t**2 + 9*t - 3. Let c(a) = -5*b(a) + 6*d(a). Calculate c(-2).
-5
Let y(n) be the first derivative of -n**4/4 - 5*n**3/3 + 2*n**2 - 9*n + 43. Determine y(-6).
3
Suppose 2*s - 4 = 4*s. Let m be -3 - (0 + (-4 - s)). Let u(z) = -5*z**3 - z. What is u(m)?
6
Let d(z) = -4*z - 1 + 6 + z. Suppose -90 = -3*j - 0*j - 13*c, -24 = -4*c. Give d(j).
-7
Let l be ((-110)/(-15))/((-2)/(-3)). Suppose 4*i - l = 3*d + 20, -2*i + 18 = -2*d. Let f(q) = -q**2 + q - 4. Calculate f(i).
-16
Let i(v) = -3823 + 3826 + 2*v + 2*v**2 + 0*v**2 - v**3. Calculate i(3).
0
Let k(u) be the third derivative of u**6/120 + 7*u**5/60 + 3*u**4/8 - 7*u**3/6 + 632*u**2. Calculate k(-5).
-2
Let q be 6*(-13)/52*(-4)/3. Suppose -m = m + 10, -5*k - 5*m - 25 = 0. Let c(s) = s + 5 + k*s**2 - 3 + 2*s**2 - s**2. What is c(q)?
8
Let g(z) = -7*z - 3. Suppose -3*h = 7*h. Suppose -f + 4*p = h, 5*f - 3*p = -18 + 1. Determine g(f).
25
Let p(k) be the second derivative of -k**4/12 + 5*k**3/6 - k**2 + k. Let j(s) = -s**2 - 17*s - 56. Let n be j(-12). What is p(n)?
2
Let h(r) be the third derivative of r**4/12 + r**2 - 11*r. Let s(g) = g - 11. Let i be s(9). Determine h(i).
-4
Let l be 4 - -4*(-12)/16. Let a(x) = 2*x - 2. Let v be a(l). Suppose 2*u = -2*j - 3*u - 33, -2*j - 2*u - 18 = v. Let c(i) = -i**3 - 3*i**2 - 5. Give c(j).
11
Let j(b) be the second derivative of -3*b**5/10 - b**3/3 + b**2/2 + b. Let q(u) = -30*u + 421. Let w be q(14). Determine j(w).
-7
Let n(i) = i**3 + 5*i**2 - 6*i - 8. Let r be (-112)/18 + 7/315*10. Calculate n(r).
-8
Suppose 0 = -2*l - 21 + 21. Let r = 72 - 43. Let t(c) = -r*c - 4 + l + 28*c. What is t(-6)?
2
Let b(n) be the first derivative of n**4/4 + n**2 - 3*n - 339. What is b(2)?
9
Suppose 2*n + 2*g = 8, g + 0 = 3*n - 4. Let j(t) = 2*t + 1. Calculate j(n).
5
Let d(s) = -s**2 - 7*s - 6. Let i be d(-7). Let r(y) = -y**3 - 7*y**2 - 7*y + 8. Calculate r(i).
14
Let x(l) be the third derivative of l**6/120 - l**5/60 - l**4/12 - l**3/2 - 117*l**2. Determine x(-2).
-11
Let y(w) = -w**2 + 5*w + 6. Let u = -41 + 70. Suppose 5*v = -5*t + u + 26, -2*v - 13 = -5*t. Give y(v).
0
Let g(k) be the first derivative of -k**2/2 + 9*k + 7. Suppose 2*w = -5*q + 10, 12*q - 11*q - 8 = -w. Give g(w).
-1
Let m(n) = -n**3 - 4*n**2 + 2*n - 1. Suppose 3 + 0 = c. Suppose -5*b = -2*w + 28, 0 = -c*b + w + 3*w - 28. Determine m(b).
-9
Let z(n) be the first derivative of 1/2*n**2 - 10*n + 1/6*n**3 - 1. Let u(c) be the first derivative of z(c). Determine u(-6).
-5
Let n(d) = d**3 - 16*d**2 + 15*d + 3. Let f be n(15). Suppose f*j = 8*j. Let p(c) = -c**2 - 4 - c + j*c + 2. Give p(-3).
-8
Let w(s) = s - 2. Suppose 4 = -3*j - 5. Calculate w(j).
-5
Let g(f) = 5*f - 8. Suppose 0 = 15*o + 6*o - 126. What is g(o)?
22
Suppose -38*m + 59*m - 21 = 0. Let v(b) be the third derivative of -19*b**4/24 - b**2. Calculate v(m).
-19
Let x(h) = -2 + 6 - 2 - 1. Let a(k) = -k + 1. Let r(b) = -2*a(b) + x(b). Suppose -3*j = 4*f - 9*f - 20, -4*j = f - 19. Give r(j).
9
Let v(y) = y**2 + 3*y + 5. Let a(m) = -6*m**2 - 16*m - 25. Let p(w) = -2*a(w) - 11*v(w). Calculate p(0).
-5
Let v(y) = 2*y + 6. Let o be v(3). Suppose 3*b - o = 5*b. Let d(c) = 7*c**2 + 6*c + 0*c**2 + c + c**3 + 5. Give d(b).
-1
Let q(i) = i**3 + 4*i**2 - 6*i - 3. Suppose -4*k - 32 + 74 = 2*f, -4*f + 4*k = -60. Let p(c) = -c**2 + 17*c - 5. Let n be p(f). Give q(n).
2
Let r be 6/(-24) + 50/8. Let b(m) = m**2 - 4*m - 13. Let z be b(r). Let k(v) = 